 the greatest common divisor of 747 and 338557?
83
Calculate the highest common factor of 230639 and 17.
17
Calculate the greatest common divisor of 114536 and 87848.
1112
What is the highest common divisor of 417675 and 75?
75
Calculate the highest common divisor of 681112 and 456.
152
Calculate the highest common factor of 6 and 213162.
6
Calculate the highest common factor of 52331 and 215.
43
Calculate the highest common divisor of 178011 and 38.
19
What is the greatest common factor of 28385 and 315?
35
Calculate the highest common divisor of 15255 and 10848.
339
What is the highest common divisor of 23 and 122820?
23
Calculate the greatest common factor of 45 and 880.
5
Calculate the highest common factor of 46168 and 72.
8
Calculate the highest common divisor of 16 and 48656.
16
What is the greatest common factor of 784699 and 246?
41
What is the greatest common factor of 4506 and 738?
6
Calculate the highest common divisor of 5644 and 22493.
83
What is the greatest common divisor of 378 and 226674?
126
Calculate the greatest common factor of 714186 and 198.
198
Calculate the greatest common divisor of 195 and 83915.
65
What is the greatest common divisor of 53839 and 187?
17
Calculate the greatest common divisor of 2190 and 7884.
438
What is the highest common factor of 1076122 and 19?
19
Calculate the highest common divisor of 273735 and 735.
105
What is the greatest common divisor of 6165 and 180?
45
What is the highest common divisor of 469716 and 24?
12
What is the greatest common divisor of 10609 and 2060?
103
Calculate the greatest common factor of 319950 and 18.
18
What is the highest common factor of 5170 and 73040?
110
What is the highest common divisor of 62464 and 13312?
1024
Calculate the greatest common factor of 1224275 and 325.
325
Calculate the highest common factor of 30908 and 4.
4
What is the highest common divisor of 13724 and 2068?
188
What is the greatest common divisor of 605 and 2035?
55
Calculate the highest common factor of 1791 and 93.
3
Calculate the highest common divisor of 826 and 1988.
14
Calculate the highest common divisor of 10908 and 252.
36
Calculate the greatest common factor of 167431 and 1705.
341
Calculate the greatest common factor of 432 and 3996.
108
Calculate the greatest common factor of 28400 and 3053.
71
Calculate the highest common factor of 27036 and 108.
36
Calculate the greatest common factor of 865920 and 64.
64
What is the greatest common divisor of 215 and 7998?
43
What is the highest common divisor of 8909 and 4530?
151
What is the highest common factor of 18150 and 650?
50
Calculate the greatest common factor of 32774 and 42.
14
Calculate the greatest common divisor of 19 and 15124.
19
What is the highest common divisor of 448 and 400?
16
What is the greatest common divisor of 1080 and 8416440?
1080
Calculate the greatest common divisor of 999 and 9472.
37
Calculate the greatest common factor of 150 and 1582080.
30
Calculate the highest common divisor of 450 and 15195.
15
What is the greatest common factor of 3156 and 36?
12
Calculate the highest common factor of 75 and 2445.
15
What is the greatest common divisor of 24063 and 1599?
39
Calculate the highest common divisor of 2287842 and 2910.
582
What is the greatest common divisor of 689519 and 916?
229
Calculate the greatest common factor of 46560 and 110.
10
Calculate the highest common factor of 1632 and 4690776.
408
Calculate the highest common factor of 12289 and 1.
1
Calculate the highest common divisor of 666 and 87024.
222
What is the greatest common divisor of 3457 and 27?
1
What is the highest common divisor of 168441 and 546?
273
Calculate the highest common factor of 1516 and 1137.
379
What is the greatest common divisor of 455 and 17615?
65
What is the greatest common factor of 18 and 3823650?
18
Calculate the greatest common divisor of 3332 and 13991.
17
What is the greatest common divisor of 372 and 629331?
93
What is the highest common divisor of 48792 and 24?
24
Calculate the greatest common factor of 38 and 493354.
38
What is the greatest common factor of 18 and 3429990?
18
Calculate the greatest common factor of 33024 and 331008.
768
What is the highest common divisor of 75 and 111975?
75
What is the highest common factor of 167 and 452069?
167
What is the greatest common factor of 183 and 11076075?
183
What is the greatest common factor of 1426 and 13938?
46
Calculate the highest common divisor of 48 and 124392.
24
What is the greatest common divisor of 67592 and 1064?
56
Calculate the highest common factor of 444 and 994412.
148
What is the highest common factor of 5062 and 8?
2
Calculate the greatest common divisor of 371770 and 329.
329
What is the highest common divisor of 24 and 75564?
12
What is the highest common divisor of 216675 and 105?
15
Calculate the greatest common divisor of 91044 and 1296.
324
Calculate the highest common divisor of 8802 and 162.
54
Calculate the greatest common divisor of 170 and 2217480.
170
Calculate the highest common divisor of 29684 and 328.
164
Calculate the highest common factor of 181944 and 64008.
504
Calculate the greatest common factor of 8 and 231670.
2
Calculate the greatest common factor of 104643 and 3759.
21
Calculate the highest common factor of 4400 and 217600.
400
What is the highest common divisor of 433626 and 12?
6
What is the greatest common divisor of 1339 and 169?
13
What is the greatest common factor of 16118 and 16?
2
Calculate the highest common factor of 582791 and 99.
11
What is the highest common factor of 17384 and 3286?
106
Calculate the highest common divisor of 1493261 and 946.
473
What is the highest common divisor of 61022 and 130?
26
Calculate the greatest common factor of 2071 and 5111.
19
Calculate the highest common factor of 824 and 528184.
824
What is the highest common divisor of 3783 and 312?
39
What is the greatest common divisor of 376839 and 18?
9
What is the highest common divisor of 63 and 70161?
21
Calculate the greatest common factor of 11293 and 1012.
23
Calculate the highest common factor of 1612 and 221.
13
What is the highest common factor of 4031344 and 178?
178
What is the highest common divisor of 434 and 715046?
62
What is the greatest common divisor of 16835 and 389129?
481
Calculate the greatest common factor of 36 and 8330904.
36
Calculate the highest common divisor of 63 and 233667.
63
Calculate the greatest common divisor of 6534113 and 89.
89
What is the highest common divisor of 22992 and 9264?
48
Calculate the greatest common divisor of 13797 and 567.
189
Calculate the greatest common divisor of 279 and 954.
9
What is the greatest common factor of 25600 and 15?
5
Calculate the highest common factor of 680 and 8296.
136
Calculate the greatest common divisor of 6337835 and 35.
35
Calculate the highest common divisor of 438876 and 72.
36
Calculate the highest common factor of 517 and 858.
11
What is the greatest common factor of 280 and 67060?
140
Calculate the greatest common divisor of 11 and 3453857.
11
What is the highest common factor of 142 and 19738?
142
What is the highest common factor of 572180 and 1120?
140
What is the highest common divisor of 520 and 102128?
104
What is the greatest common factor of 117459 and 7157?
421
Calculate the highest common divisor of 7795 and 435.
5
Calculate the greatest common divisor of 9 and 364437.
9
Calculate the greatest common divisor of 21 and 97993.
7
Calculate the highest common divisor of 2710 and 8.
2
What is the greatest common divisor of 253 and 8981753?
253
What is the highest common divisor of 1074399 and 7447?
677
Calculate the highest common divisor of 42 and 12873.
21
What is the highest common factor of 12 and 1672332?
12
What is the greatest common factor of 3629 and 1292?
19
Calculate the greatest common factor of 18 and 66816.
18
What is the highest common divisor of 1936026 and 2124?
1062
Calculate the highest common factor of 210 and 26495.
35
Calculate the highest common factor of 494 and 883519.
247
Calculate the greatest common factor of 165 and 29139.
33
What is the greatest common divisor of 2718 and 104039?
151
What is the highest common factor of 888 and 68154?
222
What is the greatest common factor of 2968 and 1208?
8
Calculate the hig